{"id":136,"date":"2016-12-25T17:14:04","date_gmt":"2016-12-25T16:14:04","guid":{"rendered":"http:\/\/3joursdecherbourg.fr\/?page_id=136"},"modified":"2018-01-03T11:57:46","modified_gmt":"2018-01-03T10:57:46","slug":"general-2","status":"publish","type":"page","link":"https:\/\/3joursdecherbourg.fr\/?page_id=136","title":{"rendered":"Les r\u00e9sultats 2017"},"content":{"rendered":"<p>Classements 1\u00e8re \u00e9tape:<\/p>\n<ul>\n<li><a href=\"https:\/\/3joursdecherbourg.fr\/wp-content\/uploads\/2017\/09\/ETAPE-1.pdf\">Etape<\/a><\/li>\n<li><a href=\"https:\/\/3joursdecherbourg.fr\/wp-content\/uploads\/2017\/09\/GRIMPEURS-1.pdf\">Grimpeurs<\/a><\/li>\n<li><a href=\"https:\/\/3joursdecherbourg.fr\/wp-content\/uploads\/2017\/09\/POINTS-1.pdf\">Points<\/a><\/li>\n<li><a href=\"https:\/\/3joursdecherbourg.fr\/wp-content\/uploads\/2017\/09\/EQUIPE-1.pdf\">Equipe<\/a><\/li>\n<\/ul>\n<p>Classements 2\u00e8me \u00e9tape:<\/p>\n<ul>\n<li><a href=\"https:\/\/3joursdecherbourg.fr\/wp-content\/uploads\/2017\/09\/ETAPE-2.pdf\">Etape<\/a><\/li>\n<li><a href=\"https:\/\/3joursdecherbourg.fr\/wp-content\/uploads\/2017\/09\/GRIMPEUR-ETAPE-2.pdf\">Grimpeurs<\/a><\/li>\n<li><a href=\"https:\/\/3joursdecherbourg.fr\/wp-content\/uploads\/2017\/09\/POINTS-ETAPE-2.pdf\">Points<\/a><\/li>\n<li><a href=\"https:\/\/3joursdecherbourg.fr\/wp-content\/uploads\/2017\/09\/EQUIPE-ETAPE-2.pdf\">Equipe<\/a><\/li>\n<\/ul>\n<p><strong>G\u00e9n\u00e9ral apr\u00e8s la 2\u00e8me \u00e9tape:<\/strong><\/p>\n<ul>\n<li><a href=\"https:\/\/3joursdecherbourg.fr\/wp-content\/uploads\/2017\/09\/GENERAL-2.pdf\">Etapes<\/a><\/li>\n<li><a href=\"https:\/\/3joursdecherbourg.fr\/wp-content\/uploads\/2017\/09\/GRIMPEUR-GENERAL-ETAPE-2.pdf\">Grimpeurs<\/a><\/li>\n<li><a href=\"https:\/\/3joursdecherbourg.fr\/wp-content\/uploads\/2017\/09\/POINTS-GENERAL-ETAPE-2.pdf\">Points<\/a><\/li>\n<li><a href=\"https:\/\/3joursdecherbourg.fr\/wp-content\/uploads\/2017\/09\/EQUIPE-GENERAL-ETAPE-2.pdf\">Equipe<\/a><\/li>\n<\/ul>\n<p>Classements 3\u00e8me \u00e9tape:<\/p>\n<ul>\n<li><a href=\"https:\/\/3joursdecherbourg.fr\/wp-content\/uploads\/2017\/09\/ETAPE-3.pdf\">Etape<\/a><\/li>\n<li><a href=\"https:\/\/3joursdecherbourg.fr\/wp-content\/uploads\/2017\/09\/GRIMPEUR-3.pdf\">Grimpeurs<\/a><\/li>\n<li><a href=\"https:\/\/3joursdecherbourg.fr\/wp-content\/uploads\/2017\/09\/POINTS-3.pdf\">Points<\/a><\/li>\n<li><a href=\"https:\/\/3joursdecherbourg.fr\/wp-content\/uploads\/2017\/09\/EQUIPE-3.pdf\">Equipe<\/a><\/li>\n<\/ul>\n<p><strong>G\u00e9n\u00e9ral apr\u00e8s la 3\u00e8me \u00e9tape, classement final:<\/strong><\/p>\n<ul>\n<li><a href=\"https:\/\/3joursdecherbourg.fr\/wp-content\/uploads\/2017\/09\/GENERAL-3.pdf\">Etapes<\/a><\/li>\n<li><a href=\"https:\/\/3joursdecherbourg.fr\/wp-content\/uploads\/2017\/09\/GRIMPEUR-GENERAL-3.pdf\">Grimpeurs<\/a><\/li>\n<li><a href=\"https:\/\/3joursdecherbourg.fr\/wp-content\/uploads\/2017\/09\/POINTS-GENERAL-3.pdf\">Points<\/a><\/li>\n<li><a href=\"https:\/\/3joursdecherbourg.fr\/wp-content\/uploads\/2017\/09\/EQUIPE-GENERAL-3.pdf\">Equipe<\/a><\/li>\n<\/ul>\n<p>&nbsp;<\/p>\n<p>&nbsp;<\/p>\n","protected":false},"excerpt":{"rendered":"<p>Classements 1\u00e8re \u00e9tape: Etape Grimpeurs Points Equipe Classements 2\u00e8me \u00e9tape: Etape Grimpeurs Points Equipe G\u00e9n\u00e9ral apr\u00e8s la 2\u00e8me \u00e9tape: Etapes Grimpeurs Points Equipe Classements 3\u00e8me \u00e9tape: Etape Grimpeurs Points Equipe G\u00e9n\u00e9ral apr\u00e8s la 3\u00e8me \u00e9tape, classement final: Etapes Grimpeurs Points &hellip; <a href=\"https:\/\/3joursdecherbourg.fr\/?page_id=136\">Continuer la lecture <span class=\"meta-nav\">&rarr;<\/span><\/a><\/p>\n","protected":false},"author":1,"featured_media":0,"parent":0,"menu_order":0,"comment_status":"closed","ping_status":"closed","template":"","meta":{"footnotes":""},"class_list":["post-136","page","type-page","status-publish","hentry"],"jetpack_shortlink":"https:\/\/wp.me\/P8fpGS-2c","jetpack-related-posts":[{"id":1594,"url":"https:\/\/3joursdecherbourg.fr\/?page_id=1594","url_meta":{"origin":136,"position":0},"title":"Les r\u00e9sultats 2019","author":"admin3809","date":"22 f\u00e9vrier 2019","format":false,"excerpt":"La troisi\u00e8me et derni\u00e8re \u00e9tape a consacr\u00e9 le Team Nantes Atlantique et son jeune coureur, Louis Barr\u00e9 dans la d\u00e9fense de son maillot de leader de l'\u00e9preuve. Apr\u00e8s les premi\u00e8res escarmouches, une \u00e9chapp\u00e9e a pu prendre les devants et rester aux avants postes jusqu'aux difficiles bosses des derniers kilom\u00e8tres. Owen\u2026","rel":"","context":"Article similaire","block_context":{"text":"Article similaire","link":""},"img":{"alt_text":"","src":"https:\/\/i0.wp.com\/3joursdecherbourg.fr\/wp-content\/uploads\/2019\/09\/DSC_2981-300x199.jpg?resize=350%2C200","width":350,"height":200},"classes":[]},{"id":2904,"url":"https:\/\/3joursdecherbourg.fr\/?page_id=2904","url_meta":{"origin":136,"position":1},"title":"Classements annexes 2021","author":"admin3809","date":"3 septembre 2021","format":false,"excerpt":"1\u00e8re \u00e9tape 2021: 2\u00e8me \u00e9tape 2021: 3\u00e8me \u00e9tape 2021:","rel":"","context":"Article similaire","block_context":{"text":"Article similaire","link":""},"img":{"alt_text":"","src":"","width":0,"height":0},"classes":[]},{"id":908,"url":"https:\/\/3joursdecherbourg.fr\/?page_id=908","url_meta":{"origin":136,"position":2},"title":"Les 3 jours 2018","author":"admin3809","date":"3 janvier 2018","format":false,"excerpt":"Organisation g\u00e9n\u00e9rale Les \u00e9quipes engag\u00e9es 1\u00e8re \u00e9tape 2\u00e8me \u00e9tape 3\u00e8me \u00e9tape Classements annexes Les r\u00e9sultats","rel":"","context":"Article similaire","block_context":{"text":"Article similaire","link":""},"img":{"alt_text":"","src":"","width":0,"height":0},"classes":[]},{"id":48,"url":"https:\/\/3joursdecherbourg.fr\/?page_id=48","url_meta":{"origin":136,"position":3},"title":"Les 3 jours 2017","author":"admin3809","date":"24 d\u00e9cembre 2016","format":false,"excerpt":"Organisation g\u00e9n\u00e9rale Les \u00e9quipes engag\u00e9es 1\u00e8re \u00e9tape 2\u00e8me \u00e9tape 3\u00e8me \u00e9tape Classements annexes G\u00e9n\u00e9ral","rel":"","context":"Article similaire","block_context":{"text":"Article similaire","link":""},"img":{"alt_text":"","src":"","width":0,"height":0},"classes":[]},{"id":5573,"url":"https:\/\/3joursdecherbourg.fr\/?page_id=5573","url_meta":{"origin":136,"position":4},"title":"2\u00e8me \u00e9tape","author":"admin3809","date":"14 d\u00e9cembre 2025","format":false,"excerpt":"","rel":"","context":"Article similaire","block_context":{"text":"Article similaire","link":""},"img":{"alt_text":"","src":"","width":0,"height":0},"classes":[]},{"id":4707,"url":"https:\/\/3joursdecherbourg.fr\/?page_id=4707","url_meta":{"origin":136,"position":5},"title":"2\u00e8me \u00e9tape 2024","author":"admin3809","date":"4 ao\u00fbt 2024","format":false,"excerpt":"","rel":"","context":"Article similaire","block_context":{"text":"Article similaire","link":""},"img":{"alt_text":"","src":"https:\/\/i0.wp.com\/3joursdecherbourg.fr\/wp-content\/uploads\/2024\/08\/Feuille-de-route-2eme-etape-2024-166-simplifiee.jpg?resize=350%2C200&ssl=1","width":350,"height":200,"srcset":"https:\/\/i0.wp.com\/3joursdecherbourg.fr\/wp-content\/uploads\/2024\/08\/Feuille-de-route-2eme-etape-2024-166-simplifiee.jpg?resize=350%2C200&ssl=1 1x, https:\/\/i0.wp.com\/3joursdecherbourg.fr\/wp-content\/uploads\/2024\/08\/Feuille-de-route-2eme-etape-2024-166-simplifiee.jpg?resize=525%2C300&ssl=1 1.5x, https:\/\/i0.wp.com\/3joursdecherbourg.fr\/wp-content\/uploads\/2024\/08\/Feuille-de-route-2eme-etape-2024-166-simplifiee.jpg?resize=700%2C400&ssl=1 2x"},"classes":[]}],"jetpack_likes_enabled":false,"jetpack_sharing_enabled":true,"_links":{"self":[{"href":"https:\/\/3joursdecherbourg.fr\/index.php?rest_route=\/wp\/v2\/pages\/136","targetHints":{"allow":["GET"]}}],"collection":[{"href":"https:\/\/3joursdecherbourg.fr\/index.php?rest_route=\/wp\/v2\/pages"}],"about":[{"href":"https:\/\/3joursdecherbourg.fr\/index.php?rest_route=\/wp\/v2\/types\/page"}],"author":[{"embeddable":true,"href":"https:\/\/3joursdecherbourg.fr\/index.php?rest_route=\/wp\/v2\/users\/1"}],"replies":[{"embeddable":true,"href":"https:\/\/3joursdecherbourg.fr\/index.php?rest_route=%2Fwp%2Fv2%2Fcomments&post=136"}],"version-history":[{"count":6,"href":"https:\/\/3joursdecherbourg.fr\/index.php?rest_route=\/wp\/v2\/pages\/136\/revisions"}],"predecessor-version":[{"id":917,"href":"https:\/\/3joursdecherbourg.fr\/index.php?rest_route=\/wp\/v2\/pages\/136\/revisions\/917"}],"wp:attachment":[{"href":"https:\/\/3joursdecherbourg.fr\/index.php?rest_route=%2Fwp%2Fv2%2Fmedia&parent=136"}],"curies":[{"name":"wp","href":"https:\/\/api.w.org\/{rel}","templated":true}]}}