{"id":1594,"date":"2019-02-22T11:43:13","date_gmt":"2019-02-22T10:43:13","guid":{"rendered":"http:\/\/3joursdecherbourg.fr\/?page_id=1594"},"modified":"2019-12-02T14:31:26","modified_gmt":"2019-12-02T13:31:26","slug":"les-resultats-2","status":"publish","type":"page","link":"https:\/\/3joursdecherbourg.fr\/?page_id=1594","title":{"rendered":"Les r\u00e9sultats 2019"},"content":{"rendered":"<p>La troisi\u00e8me et derni\u00e8re \u00e9tape a consacr\u00e9 le Team Nantes Atlantique et son jeune coureur, Louis Barr\u00e9 dans la d\u00e9fense de son maillot de leader de l&rsquo;\u00e9preuve. Apr\u00e8s les premi\u00e8res escarmouches, une \u00e9chapp\u00e9e a pu prendre les devants et rester aux avants postes jusqu&rsquo;aux difficiles bosses des derniers kilom\u00e8tres. Owen JAMES, de l&rsquo;\u00e9quipe C\u00f4tes-d&rsquo;Armor Cyclisme r\u00e9ussi \u00e0 prendre quelques m\u00e8tres d&rsquo;avance pour aller franchir en vainqueur la ligne d&rsquo;arriv\u00e9e.<\/p>\n<div id=\"attachment_1958\" style=\"width: 310px\" class=\"wp-caption alignleft\"><a href=\"https:\/\/i0.wp.com\/3joursdecherbourg.fr\/wp-content\/uploads\/2019\/09\/DSC_2981.jpg?ssl=1\"><img data-recalc-dims=\"1\" loading=\"lazy\" decoding=\"async\" aria-describedby=\"caption-attachment-1958\" data-attachment-id=\"1958\" data-permalink=\"https:\/\/3joursdecherbourg.fr\/?attachment_id=1958\" data-orig-file=\"https:\/\/i0.wp.com\/3joursdecherbourg.fr\/wp-content\/uploads\/2019\/09\/DSC_2981.jpg?fit=1504%2C1000&amp;ssl=1\" data-orig-size=\"1504,1000\" data-comments-opened=\"1\" data-image-meta=\"{&quot;aperture&quot;:&quot;4&quot;,&quot;credit&quot;:&quot;&quot;,&quot;camera&quot;:&quot;NIKON D50&quot;,&quot;caption&quot;:&quot;&quot;,&quot;created_timestamp&quot;:&quot;1567952763&quot;,&quot;copyright&quot;:&quot;&quot;,&quot;focal_length&quot;:&quot;70&quot;,&quot;iso&quot;:&quot;0&quot;,&quot;shutter_speed&quot;:&quot;0.0008&quot;,&quot;title&quot;:&quot;&quot;,&quot;orientation&quot;:&quot;1&quot;}\" data-image-title=\"DSC_2981\" data-image-description=\"\" data-image-caption=\"&lt;p&gt;L&amp;rsquo;\u00e9chapp\u00e9e dans la bosse de Di\u00e8lette sous un magnifique soleil et des paysages \u00e0 couper le souffle (des suiveurs et spectateurs)&lt;\/p&gt;\n\" data-medium-file=\"https:\/\/i0.wp.com\/3joursdecherbourg.fr\/wp-content\/uploads\/2019\/09\/DSC_2981.jpg?fit=300%2C199&amp;ssl=1\" data-large-file=\"https:\/\/i0.wp.com\/3joursdecherbourg.fr\/wp-content\/uploads\/2019\/09\/DSC_2981.jpg?fit=640%2C426&amp;ssl=1\" class=\"size-medium wp-image-1958\" src=\"https:\/\/i0.wp.com\/3joursdecherbourg.fr\/wp-content\/uploads\/2019\/09\/DSC_2981.jpg?resize=300%2C199&#038;ssl=1\" alt=\"\" width=\"300\" height=\"199\" srcset=\"https:\/\/i0.wp.com\/3joursdecherbourg.fr\/wp-content\/uploads\/2019\/09\/DSC_2981.jpg?resize=300%2C199&amp;ssl=1 300w, https:\/\/i0.wp.com\/3joursdecherbourg.fr\/wp-content\/uploads\/2019\/09\/DSC_2981.jpg?resize=768%2C511&amp;ssl=1 768w, https:\/\/i0.wp.com\/3joursdecherbourg.fr\/wp-content\/uploads\/2019\/09\/DSC_2981.jpg?resize=1024%2C681&amp;ssl=1 1024w, https:\/\/i0.wp.com\/3joursdecherbourg.fr\/wp-content\/uploads\/2019\/09\/DSC_2981.jpg?w=1504&amp;ssl=1 1504w, https:\/\/i0.wp.com\/3joursdecherbourg.fr\/wp-content\/uploads\/2019\/09\/DSC_2981.jpg?w=1280&amp;ssl=1 1280w\" sizes=\"auto, (max-width: 300px) 100vw, 300px\" \/><\/a><p id=\"caption-attachment-1958\" class=\"wp-caption-text\">L&rsquo;\u00e9chapp\u00e9e dans la bosse de Di\u00e8lette sous un magnifique soleil et des paysages \u00e0 couper le souffle (des suiveurs et spectateurs)<\/p><\/div>\n<div id=\"attachment_1959\" style=\"width: 310px\" class=\"wp-caption alignright\"><a href=\"https:\/\/i0.wp.com\/3joursdecherbourg.fr\/wp-content\/uploads\/2019\/09\/DSC_2984.jpg?ssl=1\"><img data-recalc-dims=\"1\" loading=\"lazy\" decoding=\"async\" aria-describedby=\"caption-attachment-1959\" data-attachment-id=\"1959\" data-permalink=\"https:\/\/3joursdecherbourg.fr\/?attachment_id=1959\" data-orig-file=\"https:\/\/i0.wp.com\/3joursdecherbourg.fr\/wp-content\/uploads\/2019\/09\/DSC_2984.jpg?fit=1504%2C1000&amp;ssl=1\" data-orig-size=\"1504,1000\" data-comments-opened=\"1\" data-image-meta=\"{&quot;aperture&quot;:&quot;4&quot;,&quot;credit&quot;:&quot;&quot;,&quot;camera&quot;:&quot;NIKON D50&quot;,&quot;caption&quot;:&quot;&quot;,&quot;created_timestamp&quot;:&quot;1567958189&quot;,&quot;copyright&quot;:&quot;&quot;,&quot;focal_length&quot;:&quot;70&quot;,&quot;iso&quot;:&quot;0&quot;,&quot;shutter_speed&quot;:&quot;0.001&quot;,&quot;title&quot;:&quot;&quot;,&quot;orientation&quot;:&quot;1&quot;}\" data-image-title=\"DSC_2984\" data-image-description=\"\" data-image-caption=\"&lt;p&gt;Le plaisir de la victoire pour Owen JAMES&lt;\/p&gt;\n\" data-medium-file=\"https:\/\/i0.wp.com\/3joursdecherbourg.fr\/wp-content\/uploads\/2019\/09\/DSC_2984.jpg?fit=300%2C199&amp;ssl=1\" data-large-file=\"https:\/\/i0.wp.com\/3joursdecherbourg.fr\/wp-content\/uploads\/2019\/09\/DSC_2984.jpg?fit=640%2C426&amp;ssl=1\" class=\"size-medium wp-image-1959\" src=\"https:\/\/i0.wp.com\/3joursdecherbourg.fr\/wp-content\/uploads\/2019\/09\/DSC_2984.jpg?resize=300%2C199&#038;ssl=1\" alt=\"\" width=\"300\" height=\"199\" srcset=\"https:\/\/i0.wp.com\/3joursdecherbourg.fr\/wp-content\/uploads\/2019\/09\/DSC_2984.jpg?resize=300%2C199&amp;ssl=1 300w, https:\/\/i0.wp.com\/3joursdecherbourg.fr\/wp-content\/uploads\/2019\/09\/DSC_2984.jpg?resize=768%2C511&amp;ssl=1 768w, https:\/\/i0.wp.com\/3joursdecherbourg.fr\/wp-content\/uploads\/2019\/09\/DSC_2984.jpg?resize=1024%2C681&amp;ssl=1 1024w, https:\/\/i0.wp.com\/3joursdecherbourg.fr\/wp-content\/uploads\/2019\/09\/DSC_2984.jpg?w=1504&amp;ssl=1 1504w, https:\/\/i0.wp.com\/3joursdecherbourg.fr\/wp-content\/uploads\/2019\/09\/DSC_2984.jpg?w=1280&amp;ssl=1 1280w\" sizes=\"auto, (max-width: 300px) 100vw, 300px\" \/><\/a><p id=\"caption-attachment-1959\" class=\"wp-caption-text\">Le plaisir de la victoire pour Owen JAMES<\/p><\/div>\n<hr \/>\n<p><a href=\"https:\/\/3joursdecherbourg.fr\/wp-content\/uploads\/2019\/09\/ETAPE-3.pdf\">Classement de la 3\u00e8me \u00e9tape<\/a><\/p>\n<p><a href=\"https:\/\/3joursdecherbourg.fr\/wp-content\/uploads\/2019\/09\/GENERAL.pdf\">Classement g\u00e9n\u00e9ral <\/a><\/p>\n<p><a href=\"https:\/\/3joursdecherbourg.fr\/wp-content\/uploads\/2019\/09\/POINTS-3.pdf\">Classement points chauds 3\u00e8me \u00e9tape<\/a><\/p>\n<p><a href=\"https:\/\/3joursdecherbourg.fr\/wp-content\/uploads\/2019\/09\/GENERALPOINTS.pdf\">Classement g\u00e9n\u00e9ral points chauds<\/a><\/p>\n<p><a href=\"https:\/\/3joursdecherbourg.fr\/wp-content\/uploads\/2019\/09\/GRIMPEUR-3.pdf\">Classement grimpeurs 3\u00e8me \u00e9tape<\/a><\/p>\n<p><a href=\"https:\/\/3joursdecherbourg.fr\/wp-content\/uploads\/2019\/09\/GENERAL-GRIMPEUR.pdf\">Classement g\u00e9n\u00e9ral grimpeurs<\/a><\/p>\n<p><a href=\"https:\/\/3joursdecherbourg.fr\/wp-content\/uploads\/2019\/09\/EQUIPE-3.pdf\">Classement par \u00e9quipes 3\u00e8me \u00e9tape<\/a><\/p>\n<p><a href=\"https:\/\/3joursdecherbourg.fr\/wp-content\/uploads\/2019\/09\/GENERAL-APRES-EQUIPE-2.pdf\">Classement g\u00e9n\u00e9ral par \u00e9quipes<\/a><\/p>\n<p>&#8212;&#8212;&#8212;&#8212;&#8212;&#8212;&#8212;&#8212;&#8212;&#8212;&#8212;&#8212;&#8212;&#8212;&#8212;&#8212;&#8212;&#8212;&#8212;&#8212;&#8212;&#8212;&#8212;&#8212;&#8212;&#8212;&#8212;&#8212;&#8212;&#8212;&#8212;&#8212;&#8212;&#8212;&#8212;-<\/p>\n<p>La deuxi\u00e8me \u00e9tape entre Querqueville et Octeville a \u00e9t\u00e9 anim\u00e9e de bout en bout par des attaques incessantes. Des \u00e9chapp\u00e9es ont r\u00e9ussi parfois \u00e0 se former, jamais tr\u00e8s longtemps. Le peloton a souvent \u00e9t\u00e9 morcel\u00e9 en deux ou trois morceaux. Et c&rsquo;est dans la derni\u00e8re bosse, \u00e0 trois kilom\u00e8tres de l&rsquo;arriv\u00e9 que le vainqueur s&rsquo;est d\u00e9voil\u00e9. A 19 ans, tr\u00e8s belle victoire en solitaire de Louis BARRE, du Team Nantes Atlantique. Un nom qu&rsquo;il faut retenir, \u00e0 l&rsquo;aube sans doute d&rsquo;une belle carri\u00e8re.<\/p>\n<p><a href=\"https:\/\/i0.wp.com\/3joursdecherbourg.fr\/wp-content\/uploads\/2019\/09\/DSC_2963.jpg?ssl=1\"><img data-recalc-dims=\"1\" loading=\"lazy\" decoding=\"async\" data-attachment-id=\"1938\" data-permalink=\"https:\/\/3joursdecherbourg.fr\/?attachment_id=1938\" data-orig-file=\"https:\/\/i0.wp.com\/3joursdecherbourg.fr\/wp-content\/uploads\/2019\/09\/DSC_2963.jpg?fit=1504%2C1000&amp;ssl=1\" data-orig-size=\"1504,1000\" data-comments-opened=\"1\" data-image-meta=\"{&quot;aperture&quot;:&quot;4&quot;,&quot;credit&quot;:&quot;&quot;,&quot;camera&quot;:&quot;NIKON D50&quot;,&quot;caption&quot;:&quot;&quot;,&quot;created_timestamp&quot;:&quot;1567875405&quot;,&quot;copyright&quot;:&quot;&quot;,&quot;focal_length&quot;:&quot;70&quot;,&quot;iso&quot;:&quot;0&quot;,&quot;shutter_speed&quot;:&quot;0.0005&quot;,&quot;title&quot;:&quot;&quot;,&quot;orientation&quot;:&quot;1&quot;}\" data-image-title=\"DSC_2963\" data-image-description=\"\" data-image-caption=\"\" data-medium-file=\"https:\/\/i0.wp.com\/3joursdecherbourg.fr\/wp-content\/uploads\/2019\/09\/DSC_2963.jpg?fit=300%2C199&amp;ssl=1\" data-large-file=\"https:\/\/i0.wp.com\/3joursdecherbourg.fr\/wp-content\/uploads\/2019\/09\/DSC_2963.jpg?fit=640%2C426&amp;ssl=1\" class=\"aligncenter size-large wp-image-1938\" src=\"https:\/\/i0.wp.com\/3joursdecherbourg.fr\/wp-content\/uploads\/2019\/09\/DSC_2963.jpg?resize=640%2C426&#038;ssl=1\" alt=\"\" width=\"640\" height=\"426\" srcset=\"https:\/\/i0.wp.com\/3joursdecherbourg.fr\/wp-content\/uploads\/2019\/09\/DSC_2963.jpg?resize=1024%2C681&amp;ssl=1 1024w, https:\/\/i0.wp.com\/3joursdecherbourg.fr\/wp-content\/uploads\/2019\/09\/DSC_2963.jpg?resize=300%2C199&amp;ssl=1 300w, https:\/\/i0.wp.com\/3joursdecherbourg.fr\/wp-content\/uploads\/2019\/09\/DSC_2963.jpg?resize=768%2C511&amp;ssl=1 768w, https:\/\/i0.wp.com\/3joursdecherbourg.fr\/wp-content\/uploads\/2019\/09\/DSC_2963.jpg?w=1504&amp;ssl=1 1504w, https:\/\/i0.wp.com\/3joursdecherbourg.fr\/wp-content\/uploads\/2019\/09\/DSC_2963.jpg?w=1280&amp;ssl=1 1280w\" sizes=\"auto, (max-width: 640px) 100vw, 640px\" \/><\/a><\/p>\n<p><a href=\"https:\/\/3joursdecherbourg.fr\/wp-content\/uploads\/2019\/09\/ETAPE-2.pdf\">Classement de la 2\u00e8me \u00e9tape<\/a><\/p>\n<p><a href=\"https:\/\/3joursdecherbourg.fr\/wp-content\/uploads\/2019\/09\/GENERAL-APRES-ETAPE-2.pdf\">Classement g\u00e9n\u00e9ral<\/a><\/p>\n<p><a href=\"https:\/\/3joursdecherbourg.fr\/wp-content\/uploads\/2019\/09\/POINTS-2.pdf\">Classement points chauds 2\u00e8me \u00e9tape<\/a><\/p>\n<p><a href=\"https:\/\/3joursdecherbourg.fr\/wp-content\/uploads\/2019\/09\/GENERAL-APRES-POINTS-2.pdf\">Classement g\u00e9n\u00e9ral points chauds<\/a><\/p>\n<p><a href=\"https:\/\/3joursdecherbourg.fr\/wp-content\/uploads\/2019\/09\/GRIMPEUR-2.pdf\">Classement grimpeurs 2\u00e8me \u00e9tape<\/a><\/p>\n<p><a href=\"https:\/\/3joursdecherbourg.fr\/wp-content\/uploads\/2019\/09\/GENERAL-APRES-GRIMPEUR-2.pdf\">Classement g\u00e9n\u00e9ral grimpeurs<\/a><\/p>\n<p><a href=\"https:\/\/3joursdecherbourg.fr\/wp-content\/uploads\/2019\/09\/EQUIPE-2.pdf\">Classement par \u00e9quipes 2\u00e8me \u00e9tape<\/a><\/p>\n<p><a href=\"https:\/\/3joursdecherbourg.fr\/wp-content\/uploads\/2019\/09\/GENERAL-APRES-EQUIPE-2.pdf\">Classement g\u00e9n\u00e9ral par \u00e9quipes<\/a><\/p>\n<p>C&rsquo;est avec regret que les organisateurs d\u00e9plorent l\u2019absence sur le podium d&rsquo;arriv\u00e9e de deux laur\u00e9ats de maillots distinctifs. Les sponsors \u00e9taient l\u00e0 pour la remise du maillot, ils sont repartis frustr\u00e9s. C&rsquo;est tellement difficile d&rsquo;organiser une course cycliste et de trouver les financements, quel dommage d\u2019\u00eatre aussi peu respect\u00e9s par ces coureurs, pourtant renomm\u00e9s!<\/p>\n<p>&#8212;&#8212;&#8212;&#8212;&#8212;&#8212;&#8212;&#8212;&#8212;&#8212;&#8212;&#8212;&#8212;&#8212;&#8212;&#8212;&#8212;&#8212;&#8212;&#8212;&#8212;&#8212;&#8212;&#8212;&#8212;&#8212;&#8212;&#8212;&#8212;&#8212;&#8212;&#8212;&#8212;&#8212;&#8211;<\/p>\n<p>Une premi\u00e8re \u00e9tape courue sans r\u00e9pit \u00e0 pr\u00e8s de 44km\/h. Une dizaine d&rsquo;\u00e9chapp\u00e9s, emmen\u00e9s par le coureur local de Bricquebec et champion de Normandie C\u00e9dric Delaplace,\u00a0 a anim\u00e9 la course jusque dans les derniers kilom\u00e8tres. Mais le retour vers Cherbourg avec vent de face a \u00e9t\u00e9 trop difficile. Et c&rsquo;est un peloton group\u00e9, une fois n&rsquo;est pas coutume, qui s&rsquo;est pr\u00e9sent\u00e9 au pied du dernier kilom\u00e8tre de la Montage du Roule. Une pente \u00e0 10% que les coureurs ont aval\u00e9e au prix d&rsquo;un effort de toute beaut\u00e9, appr\u00e9ci\u00e9 par les centaines de spectateurs mass\u00e9s dans la mont\u00e9e.<\/p>\n<p>C&rsquo;est Yannick Martinez, du Guidon Chalettois, qui s&rsquo;est montr\u00e9 le plus costaud, devan\u00e7ant sur la ligne Dylan Kowalski, VC Rouen, et Dylan Guinet, CMA 93 Saint-Michel.<\/p>\n<div id=\"attachment_1925\" style=\"width: 310px\" class=\"wp-caption alignleft\"><img data-recalc-dims=\"1\" loading=\"lazy\" decoding=\"async\" aria-describedby=\"caption-attachment-1925\" class=\"size-medium wp-image-1925\" src=\"https:\/\/i0.wp.com\/3joursdecherbourg.fr\/wp-content\/uploads\/2019\/09\/DSC_2818-300x218.jpg?resize=300%2C218&#038;ssl=1\" alt=\"\" width=\"300\" height=\"218\" \/><p id=\"caption-attachment-1925\" class=\"wp-caption-text\">L&rsquo;\u00e9chapp\u00e9e emmen\u00e9e dans la c\u00f4te de La Pernelle par le \u00ab\u00a0plus combatif\u00a0\u00bb du jour, C\u00e9dric Delaplace.<\/p><\/div>\n<div id=\"attachment_1926\" style=\"width: 310px\" class=\"wp-caption alignright\"><a href=\"https:\/\/i0.wp.com\/3joursdecherbourg.fr\/wp-content\/uploads\/2019\/09\/DSC_2856.jpg?ssl=1\"><img data-recalc-dims=\"1\" loading=\"lazy\" decoding=\"async\" aria-describedby=\"caption-attachment-1926\" data-attachment-id=\"1926\" data-permalink=\"https:\/\/3joursdecherbourg.fr\/?attachment_id=1926\" data-orig-file=\"https:\/\/i0.wp.com\/3joursdecherbourg.fr\/wp-content\/uploads\/2019\/09\/DSC_2856.jpg?fit=1504%2C1000&amp;ssl=1\" data-orig-size=\"1504,1000\" data-comments-opened=\"1\" data-image-meta=\"{&quot;aperture&quot;:&quot;5&quot;,&quot;credit&quot;:&quot;&quot;,&quot;camera&quot;:&quot;NIKON D50&quot;,&quot;caption&quot;:&quot;&quot;,&quot;created_timestamp&quot;:&quot;1567793695&quot;,&quot;copyright&quot;:&quot;&quot;,&quot;focal_length&quot;:&quot;70&quot;,&quot;iso&quot;:&quot;0&quot;,&quot;shutter_speed&quot;:&quot;0.0025&quot;,&quot;title&quot;:&quot;&quot;,&quot;orientation&quot;:&quot;1&quot;}\" data-image-title=\"DSC_2856\" data-image-description=\"\" data-image-caption=\"&lt;p&gt;L&amp;rsquo;effort total \u00e0 50 m de l&amp;rsquo;arriv\u00e9e!&lt;\/p&gt;\n\" data-medium-file=\"https:\/\/i0.wp.com\/3joursdecherbourg.fr\/wp-content\/uploads\/2019\/09\/DSC_2856.jpg?fit=300%2C199&amp;ssl=1\" data-large-file=\"https:\/\/i0.wp.com\/3joursdecherbourg.fr\/wp-content\/uploads\/2019\/09\/DSC_2856.jpg?fit=640%2C426&amp;ssl=1\" class=\"size-medium wp-image-1926\" src=\"https:\/\/i0.wp.com\/3joursdecherbourg.fr\/wp-content\/uploads\/2019\/09\/DSC_2856.jpg?resize=300%2C199&#038;ssl=1\" alt=\"\" width=\"300\" height=\"199\" srcset=\"https:\/\/i0.wp.com\/3joursdecherbourg.fr\/wp-content\/uploads\/2019\/09\/DSC_2856.jpg?resize=300%2C199&amp;ssl=1 300w, https:\/\/i0.wp.com\/3joursdecherbourg.fr\/wp-content\/uploads\/2019\/09\/DSC_2856.jpg?resize=768%2C511&amp;ssl=1 768w, https:\/\/i0.wp.com\/3joursdecherbourg.fr\/wp-content\/uploads\/2019\/09\/DSC_2856.jpg?resize=1024%2C681&amp;ssl=1 1024w, https:\/\/i0.wp.com\/3joursdecherbourg.fr\/wp-content\/uploads\/2019\/09\/DSC_2856.jpg?w=1504&amp;ssl=1 1504w, https:\/\/i0.wp.com\/3joursdecherbourg.fr\/wp-content\/uploads\/2019\/09\/DSC_2856.jpg?w=1280&amp;ssl=1 1280w\" sizes=\"auto, (max-width: 300px) 100vw, 300px\" \/><\/a><p id=\"caption-attachment-1926\" class=\"wp-caption-text\">L&rsquo;effort total \u00e0 50 m de l&rsquo;arriv\u00e9e!<\/p><\/div>\n<p><a href=\"https:\/\/3joursdecherbourg.fr\/wp-content\/uploads\/2019\/09\/ETAPE-1.pdf\">Classement de la premi\u00e8re \u00e9tape<\/a><\/p>\n<p><a href=\"https:\/\/3joursdecherbourg.fr\/wp-content\/uploads\/2019\/09\/POINTS-1.pdf\">Classement points chauds<\/a><\/p>\n<p><a href=\"https:\/\/3joursdecherbourg.fr\/wp-content\/uploads\/2019\/09\/MONTAGNE-1.pdf\">Classement grimpeurs<\/a><\/p>\n<p><a href=\"https:\/\/3joursdecherbourg.fr\/wp-content\/uploads\/2019\/09\/EQUIPE-1.pdf\">Classement par \u00e9quipes<\/a><\/p>\n","protected":false},"excerpt":{"rendered":"<p>La troisi\u00e8me et derni\u00e8re \u00e9tape a consacr\u00e9 le Team Nantes Atlantique et son jeune coureur, Louis Barr\u00e9 dans la d\u00e9fense de son maillot de leader de l&rsquo;\u00e9preuve. Apr\u00e8s les premi\u00e8res escarmouches, une \u00e9chapp\u00e9e a pu prendre les devants et rester &hellip; <a href=\"https:\/\/3joursdecherbourg.fr\/?page_id=1594\">Continuer la lecture <span class=\"meta-nav\">&rarr;<\/span><\/a><\/p>\n","protected":false},"author":1,"featured_media":0,"parent":0,"menu_order":0,"comment_status":"closed","ping_status":"closed","template":"","meta":{"footnotes":""},"class_list":["post-1594","page","type-page","status-publish","hentry"],"jetpack_shortlink":"https:\/\/wp.me\/P8fpGS-pI","jetpack-related-posts":[{"id":4241,"url":"https:\/\/3joursdecherbourg.fr\/?page_id=4241","url_meta":{"origin":1594,"position":0},"title":"Etape 1","author":"admin3809","date":"15 juillet 2023","format":false,"excerpt":"Victoire de SENICOURT Kylian (PHILIPPE WAGNER CYCLING) C\u2019est sous l\u2019\u00e9motion de la disparition de Johan Paque, directeur sportif du team Bricquebec-en-Cotentin que cette 43\u00e8me \u00e9dition des 3 jours de Cherbourg s\u2019est \u00e9lanc\u00e9e de la mairie de Tourlaville, commune d\u00e9l\u00e9gu\u00e9e de Cherbourg-en-Cotentin.\u00a0 D\u00e8s les premiers kilom\u00e8tres, plusieurs coureurs ont tent\u00e9 de\u2026","rel":"","context":"Article similaire","block_context":{"text":"Article similaire","link":""},"img":{"alt_text":"","src":"https:\/\/i0.wp.com\/3joursdecherbourg.fr\/wp-content\/uploads\/2023\/09\/Capture-decran-2023-09-01-233915.png?resize=350%2C200&ssl=1","width":350,"height":200,"srcset":"https:\/\/i0.wp.com\/3joursdecherbourg.fr\/wp-content\/uploads\/2023\/09\/Capture-decran-2023-09-01-233915.png?resize=350%2C200&ssl=1 1x, https:\/\/i0.wp.com\/3joursdecherbourg.fr\/wp-content\/uploads\/2023\/09\/Capture-decran-2023-09-01-233915.png?resize=525%2C300&ssl=1 1.5x, https:\/\/i0.wp.com\/3joursdecherbourg.fr\/wp-content\/uploads\/2023\/09\/Capture-decran-2023-09-01-233915.png?resize=700%2C400&ssl=1 2x, https:\/\/i0.wp.com\/3joursdecherbourg.fr\/wp-content\/uploads\/2023\/09\/Capture-decran-2023-09-01-233915.png?resize=1050%2C600&ssl=1 3x"},"classes":[]},{"id":2898,"url":"https:\/\/3joursdecherbourg.fr\/?page_id=2898","url_meta":{"origin":1594,"position":1},"title":"Les r\u00e9sultats 2021","author":"admin3809","date":"3 septembre 2021","format":false,"excerpt":"\u00a0 3\u00e8me \u00e9tape:\u00a0 Un sc\u00e9nario identique \u00e0 la veille avec une \u00e9chapp\u00e9e au long cours rattrap\u00e9e sur le tard. Quelque secondes d'avances auront suffi pour d\u00e9signer le vainqueur de la mont\u00e9e du Roule. Cette \u00e9tape disput\u00e9e sous un temps d'abord brumeux s'est termin\u00e9e au grand soleil, devant le millier de\u2026","rel":"","context":"Article similaire","block_context":{"text":"Article similaire","link":""},"img":{"alt_text":"","src":"https:\/\/i0.wp.com\/3joursdecherbourg.fr\/wp-content\/uploads\/2021\/09\/DSC_3143-1024x681.jpg?resize=350%2C200&ssl=1","width":350,"height":200,"srcset":"https:\/\/i0.wp.com\/3joursdecherbourg.fr\/wp-content\/uploads\/2021\/09\/DSC_3143-1024x681.jpg?resize=350%2C200&ssl=1 1x, https:\/\/i0.wp.com\/3joursdecherbourg.fr\/wp-content\/uploads\/2021\/09\/DSC_3143-1024x681.jpg?resize=525%2C300&ssl=1 1.5x"},"classes":[]},{"id":4654,"url":"https:\/\/3joursdecherbourg.fr\/?page_id=4654","url_meta":{"origin":1594,"position":2},"title":"Chrono Montagne 2024","author":"admin3809","date":"24 juillet 2024","format":false,"excerpt":"Dans l\u2019attente de l\u2019arriv\u00e9e de la 3\u00e8me \u00e9tape des \u00ab 3 jours de Cherbourg en Cotentin \u00bb, l\u2019Amicale Cycliste a voulu r\u00e9activer l\u2019ancienne mont\u00e9e chronom\u00e9tr\u00e9e de la Montagne du Roule: 1, 1 km \u00e0 9% de moyenne. Dans les ann\u00e9es 60, le prix Schneider \u2013 Andr\u00e9 H\u00e9bert, organis\u00e9 par l\u2019ASC\u2026","rel":"","context":"Article similaire","block_context":{"text":"Article similaire","link":""},"img":{"alt_text":"delisle raymond","src":"https:\/\/i0.wp.com\/www.lncpro.fr\/user\/textes\/grands-champions\/delisle_raymond.jpg?resize=350%2C200","width":350,"height":200},"classes":[]},{"id":4163,"url":"https:\/\/3joursdecherbourg.fr\/?page_id=4163","url_meta":{"origin":1594,"position":3},"title":"Chrono Montagne 2023","author":"admin3809","date":"7 juillet 2023","format":false,"excerpt":"Dans l\u2019attente de l\u2019arriv\u00e9e de la 3\u00e8me \u00e9tape des \u00ab 3 jours de Cherbourg en Cotentin \u00bb, l\u2019Amicale Cycliste a voulu r\u00e9activer l\u2019ancienne mont\u00e9e chronom\u00e9tr\u00e9e de la Montagne du Roule: 1, 1 km \u00e0 9% de moyenne. Dans les ann\u00e9es 60, le prix Schneider \u2013 Andr\u00e9 H\u00e9bert, organis\u00e9 par l\u2019ASC\u2026","rel":"","context":"Article similaire","block_context":{"text":"Article similaire","link":""},"img":{"alt_text":"delisle raymond","src":"https:\/\/i0.wp.com\/www.lncpro.fr\/user\/textes\/grands-champions\/delisle_raymond.jpg?resize=350%2C200","width":350,"height":200},"classes":[]},{"id":3155,"url":"https:\/\/3joursdecherbourg.fr\/?page_id=3155","url_meta":{"origin":1594,"position":4},"title":"Chrono Montagne 2022","author":"admin3809","date":"20 avril 2022","format":false,"excerpt":"Dans l'attente de l'arriv\u00e9e de la 3\u00e8me \u00e9tape des \"3 jours de Cherbourg en Cotentin\", l'Amicale Cycliste a voulu r\u00e9activer l'ancienne mont\u00e9e chronom\u00e9tr\u00e9e de la Montagne du Roule: 1, 1 km \u00e0 9% de moyenne. Dans les ann\u00e9es 60, le prix Schneider - Andr\u00e9 H\u00e9bert, organis\u00e9 par l'ASC Cyclisme, r\u00e9unissait\u2026","rel":"","context":"Article similaire","block_context":{"text":"Article similaire","link":""},"img":{"alt_text":"delisle raymond","src":"https:\/\/i0.wp.com\/www.lncpro.fr\/user\/textes\/grands-champions\/delisle_raymond.jpg?resize=350%2C200","width":350,"height":200},"classes":[]},{"id":1057,"url":"https:\/\/3joursdecherbourg.fr\/?page_id=1057","url_meta":{"origin":1594,"position":5},"title":"Politique de confidentialit\u00e9","author":"admin3809","date":"26 mai 2018","format":false,"excerpt":"Qui sommes-nous\u00a0? L\u2019adresse de notre site Web est\u00a0: http:\/\/3joursdecherbourg.fr. Utilisation des donn\u00e9es personnelles collect\u00e9es Commentaires Quand vous laissez un commentaire sur notre site web, les donn\u00e9es inscrites dans le formulaire de commentaire, mais aussi votre adresse IP et l\u2019agent utilisateur de votre navigateur sont collect\u00e9s pour nous aider \u00e0 la\u2026","rel":"","context":"Article similaire","block_context":{"text":"Article similaire","link":""},"img":{"alt_text":"","src":"","width":0,"height":0},"classes":[]}],"jetpack_likes_enabled":false,"jetpack_sharing_enabled":true,"_links":{"self":[{"href":"https:\/\/3joursdecherbourg.fr\/index.php?rest_route=\/wp\/v2\/pages\/1594","targetHints":{"allow":["GET"]}}],"collection":[{"href":"https:\/\/3joursdecherbourg.fr\/index.php?rest_route=\/wp\/v2\/pages"}],"about":[{"href":"https:\/\/3joursdecherbourg.fr\/index.php?rest_route=\/wp\/v2\/types\/page"}],"author":[{"embeddable":true,"href":"https:\/\/3joursdecherbourg.fr\/index.php?rest_route=\/wp\/v2\/users\/1"}],"replies":[{"embeddable":true,"href":"https:\/\/3joursdecherbourg.fr\/index.php?rest_route=%2Fwp%2Fv2%2Fcomments&post=1594"}],"version-history":[{"count":10,"href":"https:\/\/3joursdecherbourg.fr\/index.php?rest_route=\/wp\/v2\/pages\/1594\/revisions"}],"predecessor-version":[{"id":2093,"href":"https:\/\/3joursdecherbourg.fr\/index.php?rest_route=\/wp\/v2\/pages\/1594\/revisions\/2093"}],"wp:attachment":[{"href":"https:\/\/3joursdecherbourg.fr\/index.php?rest_route=%2Fwp%2Fv2%2Fmedia&parent=1594"}],"curies":[{"name":"wp","href":"https:\/\/api.w.org\/{rel}","templated":true}]}}