{"id":3385,"date":"2022-07-29T15:03:02","date_gmt":"2022-07-29T13:03:02","guid":{"rendered":"https:\/\/3joursdecherbourg.fr\/?page_id=3385"},"modified":"2022-07-29T15:04:52","modified_gmt":"2022-07-29T13:04:52","slug":"le-grand-jeu-2022","status":"publish","type":"page","link":"https:\/\/3joursdecherbourg.fr\/?page_id=3385","title":{"rendered":"Le grand jeu des 3 jours de Cherbourg en Cotentin\u00a0"},"content":{"rendered":"\n<p class=\"has-text-align-center has-medium-font-size\"><strong>De nombreux lots \u00e0 gagner !!<\/strong><\/p>\n\n\n\n<iframe loading=\"lazy\" src=\"https:\/\/docs.google.com\/forms\/d\/e\/1FAIpQLScFqZnno2XXy9Kyqwlw7EUlybYV8zrW6gIgY4SuVMTz0iMoow\/viewform?embedded=true\" width=\"640\" height=\"3381\" frameborder=\"0\" marginheight=\"0\" marginwidth=\"0\">Chargement\u2026<\/iframe>\n","protected":false},"excerpt":{"rendered":"<p>De nombreux lots \u00e0 gagner !! Chargement\u2026<\/p>\n","protected":false},"author":1,"featured_media":0,"parent":0,"menu_order":0,"comment_status":"closed","ping_status":"closed","template":"","meta":{"footnotes":""},"class_list":["post-3385","page","type-page","status-publish","hentry"],"jetpack_shortlink":"https:\/\/wp.me\/P8fpGS-SB","jetpack-related-posts":[{"id":2,"url":"https:\/\/3joursdecherbourg.fr\/?page_id=2","url_meta":{"origin":3385,"position":0},"title":"Le mot du Pr\u00e9sident","author":"admin3809","date":"22 d\u00e9cembre 2016","format":false,"excerpt":"Depuis plus de quarante ans, les meilleurs cyclistes amateurs de l\u2019hexagone et d'ailleurs sillonnent les routes du Cotentin \u00e0 l\u2019appel de l\u2019Amicale Cycliste des 3 Jours de Cherbourg. Jean-Claude PRIGENT a men\u00e9 l\u2019\u00e9quipe des b\u00e9n\u00e9voles avec brio pendant 25 ans puis a souhait\u00e9 retrouver son pays basque natal, puis les\u2026","rel":"","context":"Article similaire","block_context":{"text":"Article similaire","link":""},"img":{"alt_text":"","src":"https:\/\/i0.wp.com\/3joursdecherbourg.fr\/wp-content\/uploads\/2022\/07\/1-12-1-scaled.jpg?resize=350%2C200&ssl=1","width":350,"height":200},"classes":[]},{"id":4163,"url":"https:\/\/3joursdecherbourg.fr\/?page_id=4163","url_meta":{"origin":3385,"position":1},"title":"Chrono Montagne 2023","author":"admin3809","date":"7 juillet 2023","format":false,"excerpt":"Dans l\u2019attente de l\u2019arriv\u00e9e de la 3\u00e8me \u00e9tape des \u00ab 3 jours de Cherbourg en Cotentin \u00bb, l\u2019Amicale Cycliste a voulu r\u00e9activer l\u2019ancienne mont\u00e9e chronom\u00e9tr\u00e9e de la Montagne du Roule: 1, 1 km \u00e0 9% de moyenne. Dans les ann\u00e9es 60, le prix Schneider \u2013 Andr\u00e9 H\u00e9bert, organis\u00e9 par l\u2019ASC\u2026","rel":"","context":"Article similaire","block_context":{"text":"Article similaire","link":""},"img":{"alt_text":"delisle raymond","src":"https:\/\/i0.wp.com\/www.lncpro.fr\/user\/textes\/grands-champions\/delisle_raymond.jpg?resize=350%2C200","width":350,"height":200},"classes":[]},{"id":2898,"url":"https:\/\/3joursdecherbourg.fr\/?page_id=2898","url_meta":{"origin":3385,"position":2},"title":"Les r\u00e9sultats 2021","author":"admin3809","date":"3 septembre 2021","format":false,"excerpt":"\u00a0 3\u00e8me \u00e9tape:\u00a0 Un sc\u00e9nario identique \u00e0 la veille avec une \u00e9chapp\u00e9e au long cours rattrap\u00e9e sur le tard. Quelque secondes d'avances auront suffi pour d\u00e9signer le vainqueur de la mont\u00e9e du Roule. Cette \u00e9tape disput\u00e9e sous un temps d'abord brumeux s'est termin\u00e9e au grand soleil, devant le millier de\u2026","rel":"","context":"Article similaire","block_context":{"text":"Article similaire","link":""},"img":{"alt_text":"","src":"https:\/\/i0.wp.com\/3joursdecherbourg.fr\/wp-content\/uploads\/2021\/09\/DSC_3143-1024x681.jpg?resize=350%2C200&ssl=1","width":350,"height":200,"srcset":"https:\/\/i0.wp.com\/3joursdecherbourg.fr\/wp-content\/uploads\/2021\/09\/DSC_3143-1024x681.jpg?resize=350%2C200&ssl=1 1x, https:\/\/i0.wp.com\/3joursdecherbourg.fr\/wp-content\/uploads\/2021\/09\/DSC_3143-1024x681.jpg?resize=525%2C300&ssl=1 1.5x"},"classes":[]},{"id":47,"url":"https:\/\/3joursdecherbourg.fr\/?page_id=47","url_meta":{"origin":3385,"position":3},"title":"L&rsquo;association","author":"admin3809","date":"24 d\u00e9cembre 2016","format":false,"excerpt":"Le mot du Pr\u00e9sident : Depuis plus de quarante ans, les meilleurs cyclistes amateurs de l\u2019hexagone et d'ailleurs sillonnent les routes du Cotentin \u00e0 l\u2019appel de l\u2019Amicale Cycliste des 3 Jours de Cherbourg. Jean-Claude PRIGENT a men\u00e9 l\u2019\u00e9quipe des b\u00e9n\u00e9voles avec brio pendant 25 ans puis a souhait\u00e9 retrouver son\u2026","rel":"","context":"Article similaire","block_context":{"text":"Article similaire","link":""},"img":{"alt_text":"","src":"https:\/\/i0.wp.com\/3joursdecherbourg.fr\/wp-content\/uploads\/2023\/08\/IMG_0008-3-scaled.jpg?resize=350%2C200&ssl=1","width":350,"height":200,"srcset":"https:\/\/i0.wp.com\/3joursdecherbourg.fr\/wp-content\/uploads\/2023\/08\/IMG_0008-3-scaled.jpg?resize=350%2C200&ssl=1 1x, https:\/\/i0.wp.com\/3joursdecherbourg.fr\/wp-content\/uploads\/2023\/08\/IMG_0008-3-scaled.jpg?resize=525%2C300&ssl=1 1.5x, https:\/\/i0.wp.com\/3joursdecherbourg.fr\/wp-content\/uploads\/2023\/08\/IMG_0008-3-scaled.jpg?resize=700%2C400&ssl=1 2x, https:\/\/i0.wp.com\/3joursdecherbourg.fr\/wp-content\/uploads\/2023\/08\/IMG_0008-3-scaled.jpg?resize=1050%2C600&ssl=1 3x, https:\/\/i0.wp.com\/3joursdecherbourg.fr\/wp-content\/uploads\/2023\/08\/IMG_0008-3-scaled.jpg?resize=1400%2C800&ssl=1 4x"},"classes":[]},{"id":5079,"url":"https:\/\/3joursdecherbourg.fr\/?page_id=5079","url_meta":{"origin":3385,"position":4},"title":"Pr\u00e9sentation 2025","author":"admin3809","date":"28 mai 2025","format":false,"excerpt":"C'est le 45\u00e8me... Oui, 45 ans que les meilleurs cyclistes amateurs de France et de l\u2019\u00c9tranger parcourent notre beau Cotentin \u00e0 la recherche de la prestigieuse victoire aux \u00ab\u00a03 jours de Cherbourg en Cotentin.\u00a0\u00bb La 44e \u00e9dition fut fort belle et r\u00e9compensa un \u00ab\u00a0manchois\u00a0\u00bb - ce n\u2019est pas si souvent\u2026","rel":"","context":"Article similaire","block_context":{"text":"Article similaire","link":""},"img":{"alt_text":"","src":"https:\/\/i0.wp.com\/img.youtube.com\/vi\/COX_hYxlDXI\/0.jpg?resize=350%2C200","width":350,"height":200},"classes":[]},{"id":2294,"url":"https:\/\/3joursdecherbourg.fr\/?page_id=2294","url_meta":{"origin":3385,"position":5},"title":"Les \u00e9quipes 2021","author":"admin3809","date":"24 d\u00e9cembre 2020","format":false,"excerpt":"41 \u00e9quipes ont postul\u00e9 pour cette \u00e9dition 2021 des \"3 jours de Cherbourg en Cotentin\". Quelques unes se\u00a0 sont ensuite d\u00e9sist\u00e9es. Nous avons d\u00e9cid\u00e9, apr\u00e8s concertation avec la ville de Cherbourg-en-Cotentin, partenaire principal de l'\u00e9preuve, de retenir ces candidatures dans l'optique d'une course du plus haut niveau, apr\u00e8s une ann\u00e9e\u2026","rel":"","context":"Article similaire","block_context":{"text":"Article similaire","link":""},"img":{"alt_text":"","src":"","width":0,"height":0},"classes":[]}],"jetpack_likes_enabled":false,"jetpack_sharing_enabled":true,"_links":{"self":[{"href":"https:\/\/3joursdecherbourg.fr\/index.php?rest_route=\/wp\/v2\/pages\/3385","targetHints":{"allow":["GET"]}}],"collection":[{"href":"https:\/\/3joursdecherbourg.fr\/index.php?rest_route=\/wp\/v2\/pages"}],"about":[{"href":"https:\/\/3joursdecherbourg.fr\/index.php?rest_route=\/wp\/v2\/types\/page"}],"author":[{"embeddable":true,"href":"https:\/\/3joursdecherbourg.fr\/index.php?rest_route=\/wp\/v2\/users\/1"}],"replies":[{"embeddable":true,"href":"https:\/\/3joursdecherbourg.fr\/index.php?rest_route=%2Fwp%2Fv2%2Fcomments&post=3385"}],"version-history":[{"count":2,"href":"https:\/\/3joursdecherbourg.fr\/index.php?rest_route=\/wp\/v2\/pages\/3385\/revisions"}],"predecessor-version":[{"id":3392,"href":"https:\/\/3joursdecherbourg.fr\/index.php?rest_route=\/wp\/v2\/pages\/3385\/revisions\/3392"}],"wp:attachment":[{"href":"https:\/\/3joursdecherbourg.fr\/index.php?rest_route=%2Fwp%2Fv2%2Fmedia&parent=3385"}],"curies":[{"name":"wp","href":"https:\/\/api.w.org\/{rel}","templated":true}]}}

<p class="has-text-align-center has-medium-font-size"><strong>De nombreux lots à gagner !!</strong></p>



<iframe loading="lazy" src="https://docs.google.com/forms/d/e/1FAIpQLScFqZnno2XXy9Kyqwlw7EUlybYV8zrW6gIgY4SuVMTz0iMoow/viewform?embedded=true" width="640" height="3381" frameborder="0" marginheight="0" marginwidth="0">Chargement…</iframe>

<p>De nombreux lots à gagner !! Chargement…</p>

Le mot du Président

22 décembre 2016

Depuis plus de quarante ans, les meilleurs cyclistes amateurs de l’hexagone et d'ailleurs sillonnent les routes du Cotentin à l’appel de l’Amicale Cycliste des 3 Jours de Cherbourg. Jean-Claude PRIGENT a mené l’équipe des bénévoles avec brio pendant 25 ans puis a souhaité retrouver son pays basque natal, puis les…

Dans l’attente de l’arrivée de la 3ème étape des « 3 jours de Cherbourg en Cotentin », l’Amicale Cycliste a voulu réactiver l’ancienne montée chronométrée de la Montagne du Roule: 1, 1 km à 9% de moyenne. Dans les années 60, le prix Schneider – André Hébert, organisé par l’ASC…

Les résultats 2021

3ème étape:  Un scénario identique à la veille avec une échappée au long cours rattrapée sur le tard. Quelque secondes d'avances auront suffi pour désigner le vainqueur de la montée du Roule. Cette étape disputée sous un temps d'abord brumeux s'est terminée au grand soleil, devant le millier de…

24 décembre 2016

Le mot du Président : Depuis plus de quarante ans, les meilleurs cyclistes amateurs de l’hexagone et d'ailleurs sillonnent les routes du Cotentin à l’appel de l’Amicale Cycliste des 3 Jours de Cherbourg. Jean-Claude PRIGENT a mené l’équipe des bénévoles avec brio pendant 25 ans puis a souhaité retrouver son…

Présentation 2025

C'est le 45ème... Oui, 45 ans que les meilleurs cyclistes amateurs de France et de l’Étranger parcourent notre beau Cotentin à la recherche de la prestigieuse victoire aux « 3 jours de Cherbourg en Cotentin. » La 44e édition fut fort belle et récompensa un « manchois » - ce n’est pas si souvent…

Les équipes 2021

24 décembre 2020

41 équipes ont postulé pour cette édition 2021 des "3 jours de Cherbourg en Cotentin". Quelques unes se  sont ensuite désistées. Nous avons décidé, après concertation avec la ville de Cherbourg-en-Cotentin, partenaire principal de l'épreuve, de retenir ces candidatures dans l'optique d'une course du plus haut niveau, après une année…
