{"id":5597,"date":"2025-12-14T01:14:22","date_gmt":"2025-12-14T00:14:22","guid":{"rendered":"https:\/\/3joursdecherbourg.fr\/?page_id=5597"},"modified":"2025-12-14T01:14:22","modified_gmt":"2025-12-14T00:14:22","slug":"photos-videos-2","status":"publish","type":"page","link":"https:\/\/3joursdecherbourg.fr\/?page_id=5597","title":{"rendered":"Photos &#038; Vid\u00e9os"},"content":{"rendered":"","protected":false},"excerpt":{"rendered":"","protected":false},"author":1,"featured_media":0,"parent":0,"menu_order":0,"comment_status":"closed","ping_status":"closed","template":"","meta":{"footnotes":""},"class_list":["post-5597","page","type-page","status-publish","hentry"],"jetpack_shortlink":"https:\/\/wp.me\/P8fpGS-1sh","jetpack-related-posts":[{"id":5119,"url":"https:\/\/3joursdecherbourg.fr\/?page_id=5119","url_meta":{"origin":5597,"position":0},"title":"Photos &#038; Vid\u00e9os","author":"admin3809","date":"28 mai 2025","format":false,"excerpt":"PHOTOS ETAPE 3 : https:\/\/drive.google.com\/drive\/folders\/1xZOEkHkFmoGnjgwUkJj6ptX2sPDSmteY?usp=share_link PHOTOS ETAPE 2 : https:\/\/drive.google.com\/drive\/folders\/1VHVlsckxDBo_6xpjQMm1C-vk_NYcO54Z?usp=share_link PHOTOS ETAPE 1 : https:\/\/drive.google.com\/drive\/folders\/1Pgjtphx6-iKWeqdDYQLyF3zoTcCLFE98?usp=share_link","rel":"","context":"Article similaire","block_context":{"text":"Article similaire","link":""},"img":{"alt_text":"","src":"","width":0,"height":0},"classes":[]},{"id":5000,"url":"https:\/\/3joursdecherbourg.fr\/?page_id=5000","url_meta":{"origin":5597,"position":1},"title":"Galerie photos Montagne 2024","author":"admin3809","date":"2 septembre 2024","format":false,"excerpt":"Si vous avez d'autres photos et souhaitez les partager, n'h\u00e9sitez pas \u00e0 nous les transmettre: chrono-montagne@3joursdecherbourg.fr","rel":"","context":"Article similaire","block_context":{"text":"Article similaire","link":""},"img":{"alt_text":"","src":"https:\/\/i0.wp.com\/3joursdecherbourg.fr\/wp-content\/uploads\/2024\/09\/DSC_4724.jpg?resize=350%2C200","width":350,"height":200,"srcset":"https:\/\/i0.wp.com\/3joursdecherbourg.fr\/wp-content\/uploads\/2024\/09\/DSC_4724.jpg?resize=350%2C200 1x, https:\/\/i0.wp.com\/3joursdecherbourg.fr\/wp-content\/uploads\/2024\/09\/DSC_4724.jpg?resize=525%2C300 1.5x, https:\/\/i0.wp.com\/3joursdecherbourg.fr\/wp-content\/uploads\/2024\/09\/DSC_4724.jpg?resize=700%2C400 2x, https:\/\/i0.wp.com\/3joursdecherbourg.fr\/wp-content\/uploads\/2024\/09\/DSC_4724.jpg?resize=1050%2C600 3x, https:\/\/i0.wp.com\/3joursdecherbourg.fr\/wp-content\/uploads\/2024\/09\/DSC_4724.jpg?resize=1400%2C800 4x"},"classes":[]},{"id":3691,"url":"https:\/\/3joursdecherbourg.fr\/?page_id=3691","url_meta":{"origin":5597,"position":2},"title":"Galerie photos 2022","author":"admin3809","date":"8 septembre 2022","format":false,"excerpt":"Merci pour toutes ces photos \u00e0 Maryse, Ernest, Louis, Daniel et \u00e0 nos jeunes amis \"Les Reporters du Cyclisme\" Les \u00e9quipes en pr\u00e9sence: La premi\u00e8re \u00e9tape: La\u00a0deuxi\u00e8me \u00e9tape: La\u00a0troisi\u00e8me \u00e9tape: L'organisation:\u00a0","rel":"","context":"Article similaire","block_context":{"text":"Article similaire","link":""},"img":{"alt_text":"","src":"https:\/\/i0.wp.com\/3joursdecherbourg.fr\/wp-content\/uploads\/2022\/09\/IMG_6487-scaled.jpg?resize=350%2C200","width":350,"height":200,"srcset":"https:\/\/i0.wp.com\/3joursdecherbourg.fr\/wp-content\/uploads\/2022\/09\/IMG_6487-scaled.jpg?resize=350%2C200 1x, https:\/\/i0.wp.com\/3joursdecherbourg.fr\/wp-content\/uploads\/2022\/09\/IMG_6487-scaled.jpg?resize=525%2C300 1.5x, https:\/\/i0.wp.com\/3joursdecherbourg.fr\/wp-content\/uploads\/2022\/09\/IMG_6487-scaled.jpg?resize=700%2C400 2x, https:\/\/i0.wp.com\/3joursdecherbourg.fr\/wp-content\/uploads\/2022\/09\/IMG_6487-scaled.jpg?resize=1050%2C600 3x, https:\/\/i0.wp.com\/3joursdecherbourg.fr\/wp-content\/uploads\/2022\/09\/IMG_6487-scaled.jpg?resize=1400%2C800 4x"},"classes":[]},{"id":4213,"url":"https:\/\/3joursdecherbourg.fr\/?page_id=4213","url_meta":{"origin":5597,"position":3},"title":"Les photos 2023","author":"admin3809","date":"15 juillet 2023","format":false,"excerpt":"","rel":"","context":"Article similaire","block_context":{"text":"Article similaire","link":""},"img":{"alt_text":"","src":"","width":0,"height":0},"classes":[]},{"id":4800,"url":"https:\/\/3joursdecherbourg.fr\/?page_id=4800","url_meta":{"origin":5597,"position":4},"title":"Les photos 1\u00e8re \u00e9tape 2024","author":"admin3809","date":"31 ao\u00fbt 2024","format":false,"excerpt":"","rel":"","context":"Article similaire","block_context":{"text":"Article similaire","link":""},"img":{"alt_text":"","src":"https:\/\/i0.wp.com\/3joursdecherbourg.fr\/wp-content\/uploads\/2024\/08\/DSC_4611-1.jpg?resize=350%2C200","width":350,"height":200,"srcset":"https:\/\/i0.wp.com\/3joursdecherbourg.fr\/wp-content\/uploads\/2024\/08\/DSC_4611-1.jpg?resize=350%2C200 1x, https:\/\/i0.wp.com\/3joursdecherbourg.fr\/wp-content\/uploads\/2024\/08\/DSC_4611-1.jpg?resize=525%2C300 1.5x, https:\/\/i0.wp.com\/3joursdecherbourg.fr\/wp-content\/uploads\/2024\/08\/DSC_4611-1.jpg?resize=700%2C400 2x, https:\/\/i0.wp.com\/3joursdecherbourg.fr\/wp-content\/uploads\/2024\/08\/DSC_4611-1.jpg?resize=1050%2C600 3x, https:\/\/i0.wp.com\/3joursdecherbourg.fr\/wp-content\/uploads\/2024\/08\/DSC_4611-1.jpg?resize=1400%2C800 4x"},"classes":[]},{"id":4870,"url":"https:\/\/3joursdecherbourg.fr\/?page_id=4870","url_meta":{"origin":5597,"position":5},"title":"Les photos 2e \u00e9tape 2024","author":"admin3809","date":"31 ao\u00fbt 2024","format":false,"excerpt":"","rel":"","context":"Article similaire","block_context":{"text":"Article similaire","link":""},"img":{"alt_text":"","src":"https:\/\/i0.wp.com\/3joursdecherbourg.fr\/wp-content\/uploads\/2024\/08\/DSC_4683.jpg?resize=350%2C200","width":350,"height":200,"srcset":"https:\/\/i0.wp.com\/3joursdecherbourg.fr\/wp-content\/uploads\/2024\/08\/DSC_4683.jpg?resize=350%2C200 1x, https:\/\/i0.wp.com\/3joursdecherbourg.fr\/wp-content\/uploads\/2024\/08\/DSC_4683.jpg?resize=525%2C300 1.5x, https:\/\/i0.wp.com\/3joursdecherbourg.fr\/wp-content\/uploads\/2024\/08\/DSC_4683.jpg?resize=700%2C400 2x, https:\/\/i0.wp.com\/3joursdecherbourg.fr\/wp-content\/uploads\/2024\/08\/DSC_4683.jpg?resize=1050%2C600 3x, https:\/\/i0.wp.com\/3joursdecherbourg.fr\/wp-content\/uploads\/2024\/08\/DSC_4683.jpg?resize=1400%2C800 4x"},"classes":[]}],"jetpack_likes_enabled":false,"jetpack_sharing_enabled":true,"_links":{"self":[{"href":"https:\/\/3joursdecherbourg.fr\/index.php?rest_route=\/wp\/v2\/pages\/5597","targetHints":{"allow":["GET"]}}],"collection":[{"href":"https:\/\/3joursdecherbourg.fr\/index.php?rest_route=\/wp\/v2\/pages"}],"about":[{"href":"https:\/\/3joursdecherbourg.fr\/index.php?rest_route=\/wp\/v2\/types\/page"}],"author":[{"embeddable":true,"href":"https:\/\/3joursdecherbourg.fr\/index.php?rest_route=\/wp\/v2\/users\/1"}],"replies":[{"embeddable":true,"href":"https:\/\/3joursdecherbourg.fr\/index.php?rest_route=%2Fwp%2Fv2%2Fcomments&post=5597"}],"version-history":[{"count":1,"href":"https:\/\/3joursdecherbourg.fr\/index.php?rest_route=\/wp\/v2\/pages\/5597\/revisions"}],"predecessor-version":[{"id":5603,"href":"https:\/\/3joursdecherbourg.fr\/index.php?rest_route=\/wp\/v2\/pages\/5597\/revisions\/5603"}],"wp:attachment":[{"href":"https:\/\/3joursdecherbourg.fr\/index.php?rest_route=%2Fwp%2Fv2%2Fmedia&parent=5597"}],"curies":[{"name":"wp","href":"https:\/\/api.w.org\/{rel}","templated":true}]}}

Photos &#038; Vidéos

Si vous avez d'autres photos et souhaitez les partager, n'hésitez pas à nous les transmettre: chrono-montagne@3joursdecherbourg.fr

Merci pour toutes ces photos à Maryse, Ernest, Louis, Daniel et à nos jeunes amis "Les Reporters du Cyclisme" Les équipes en présence: La première étape: La deuxième étape: La troisième étape: L'organisation:

Les photos 1ère étape 2024

31 août 2024

Les photos 2e étape 2024
